t + 45, 3*t + 63 = 4*d. What is the remainder when 105 is divided by d?
15
Let u(c) = -2*c + 12. What is the remainder when u(4) is divided by 2?
0
Suppose 0 = -0*v + 3*v - 72. Let l be (13/(-2))/((-1)/(-2)). Let u = v + l. Calculate the remainder when 31 is divided by u.
9
Let g = 30 + -16. What is the remainder when g is divided by 5?
4
Let y(d) = -d**3 - 9*d**2 - 9*d - 6. Suppose -f + 4 = -2*f. Let j be -10 - f/(-6)*-3. What is the remainder when y(j) is divided by 2?
0
Suppose -l - 2*r + 147 = 3*r, l = 3*r + 123. What is the remainder when l is divided by 9?
6
Let a(b) = 2*b**2 + 14*b - 2. Calculate the remainder when a(-8) is divided by 2.
0
Let d(q) = -q**3 - q**2 - 1. What is the remainder when 64 is divided by d(-3)?
13
Suppose -58 = -3*z - 5*j, 4*j = -3*z + 2*z + 17. Let v(k) = -4*k**3 + 2*k**2 + k + 2. Calculate the remainder when v(-2) is divided by z.
19
Let b = 5 + -6. Let m(l) = -70*l**3 + l + 1. Suppose 15 = 3*p - 57. Calculate the remainder when m(b) is divided by p.
22
Let g = -53 - -88. What is the remainder when g is divided by 2?
1
Let r = -19 - -38. What is the remainder when 56 is divided by r?
18
Let p(g) = g**2 + 3*g + 4. Suppose 0 = f - 1 + 4. Let x be p(f). Suppose x*t + 3 = 43. Calculate the remainder when 18 is divided by t.
8
Suppose 0*u - 5*k - 20 = -2*u, -5*u = -3*k - 50. Calculate the remainder when 78 is divided by u.
8
Suppose 13 = -4*d + 41. Suppose d*v = 2*v + 80. What is the remainder when 31 is divided by v?
15
Suppose 0 = 3*v + 16 - 64. Calculate the remainder when (-4)/(-6) - (-3 - (-780)/(-18)) is divided by v.
15
Let y be -1*3 + -3 + -4. Calculate the remainder when 16 is divided by 28/5 - 4/y.
4
Let c be 1/(113/114 - 1). Let w = 259 + c. Suppose -v + w = 4*v. What is the remainder when v is divided by 15?
14
Let n = 59 - 33. Let x = n + 13. What is the remainder when x is divided by 21?
18
Suppose 4*q - 3*l - 9 = 2*q, q - 4*l - 7 = 0. Suppose -4*b + 37 = -q*b. What is the remainder when b is divided by 13?
11
Let h(i) = 2*i**3 + 3*i**2 - 2*i + 1. Let c be h(2). Suppose -c = -3*k + 23. What is the remainder when 62 is divided by k?
14
Suppose 2*x = -4*b + 74, -58 - 7 = -2*x - b. Let u = 3 - -5. Calculate the remainder when x is divided by u.
7
Let v = -66 + 87. What is the remainder when 57 is divided by v?
15
Suppose -n - 355 = -5*v, 4*n - 330 = v - 6*v. What is the remainder when v is divided by 18?
16
Let z = -5 + 6. Let a be -5*z/(-5)*46. Suppose -7*y - w + a = -2*y, -2*w - 18 = -y. What is the remainder when 19 is divided by y?
9
Let z = 40 - 27. Suppose 5 = -4*i + z. Suppose 0 = -3*c + 5*x - 0 + i, 3*c - 3*x - 12 = 0. Calculate the remainder when 25 is divided by c.
7
Calculate the remainder when (-2)/(((-55)/(-240))/(-11)) is divided by 10.
6
Suppose 13 = 4*p - 43. What is the remainder when 39 is divided by p?
11
Suppose 3*g - 108 = g. What is the remainder when g is divided by 19?
16
Suppose 0 = 12*i - 74 - 34. Let s(y) = 34*y + 1. Suppose 3*f - 2 = f. What is the remainder when s(f) is divided by i?
8
Let s(j) = -j**3 + j**2 + 2. Let r be s(0). What is the remainder when r + 0/(-1) + 7 is divided by 7 + -1*(5 - 3)?
4
Let p = 10 - 7. What is the remainder when 14 is divided by p?
2
What is the remainder when (-45)/(-40) + -1 - 444/(-32) is divided by (6/(-4))/((-3)/8)?
2
Let p = -25 + 29. Suppose -5*z + 6 = -4. Suppose b + p*v = -3, -4*v = z*b - 2 - 4. What is the remainder when 24 is divided by b?
6
Suppose 3*c = 3*a - 4*a + 77, 107 = 4*c - 3*a. Let n be (-1)/(-4) + (-21)/(-12). Let u = n - -7. What is the remainder when c is divided by u?
8
Suppose -8*o + 68 = -4*o. What is the remainder when o is divided by 10?
7
Suppose 45 = 3*s - 36. Suppose 0*x = -3*x + s. Calculate the remainder when 24 is divided by x.
6
Let j(v) = 8*v - 3. Let m = 0 + 5. Calculate the remainder when j(m) is divided by 13.
11
Suppose -5*h + 0*h = -4*n + 49, -5*n = -5*h - 55. Calculate the remainder when (-1)/((-6)/(-138))*(-1 - 0) is divided by n.
5
Calculate the remainder when 34 is divided by (38/(-10))/(((-24)/(-15))/(-8)).
15
Let q = 58 - 50. Calculate the remainder when q is divided by 7.
1
What is the remainder when 53 is divided by ((-4)/(-5) - 4/(-20))*15?
8
Let a(d) be the second derivative of d**3/6 - 4*d. Let i(l) = l**2 - 17*l + 9. Let o(z) = -5*a(z) - i(z). What is the remainder when o(10) is divided by 4?
3
Let v(h) = 0 + h + 4*h - 1. What is the remainder when v(3) is divided by 12/4 - 5/(-1)?
6
Suppose i + 45 = 2*a + 2*a, 3*a = 5*i + 38. Calculate the remainder when 30 is divided by a.
8
Let t(g) be the first derivative of -g**2 - 9*g + 1. Let d be t(-6). Suppose u - d - 14 = 0. What is the remainder when 32 is divided by u?
15
Let g = 3 - 7. Let s = g + 9. Suppose 0 = -2*t + 2*r + 3*r + 3, -19 = -s*t + r. What is the remainder when 14 is divided by t?
2
Let g(k) = -2*k + 0*k**3 - 8 - 4*k**2 - 4*k**2 - k**3. Suppose 3*x - 5 = 2*w, -3*x + 15 = 4*w - 2. What is the remainder when g(-8) is divided by x?
2
Suppose 3*d - 80 = -2*d. Calculate the remainder when 31 is divided by d.
15
Let l(k) = -k**2 - k + 1. Let g be l(1). Let v be ((-5)/(-3) + g)*6. Suppose -v = 2*f - 10. What is the remainder when 5 is divided by f?
2
Let k(q) = q - 1. Let x(u) = 13*u - 2. Let y(l) = 5*k(l) - x(l). What is the remainder when y(-3) is divided by 8?
5
Let q(v) = -v**3 + 8*v**2 - 7*v - 8. Let o(t) = 28*t - 19. What is the remainder when o(3) is divided by q(6)?
21
Suppose 2*z = -z - 15, 109 = 2*m + 5*z. Calculate the remainder when m is divided by 18.
13
Suppose -5*k + 0*n - 2*n = -18, -3*n = -5*k - 2. Suppose -9 = -2*y - k*v + 27, 0 = -4*y - 3*v + 73. What is the remainder when y is divided by 10?
9
Let b = -52 + 80. Let q = -4 - 8. Let x = q - -27. Calculate the remainder when b is divided by x.
13
What is the remainder when 81/(-6)*5/(5/(-2)) is divided by 7?
6
Let f = 3 - -3. Let p(d) = -2*d**3 - d**2 - 1. Let u be p(-3). Suppose -u = -2*g - 2*g. Calculate the remainder when g is divided by f.
5
Suppose 4*i = -2*l + 20, -l + 4*i = 4*l - 36. Let s = -3 + l. Suppose 15 = s*q, 2*c = c + 4*q - 1. Calculate the remainder when 32 is divided by c.
10
Suppose -12*t + 8*t + 166 = f, t - 48 = 3*f. What is the remainder when t is divided by 17?
8
Let v(g) = g - 1. Let z(s) = -2 + 0 - 3 + 2*s. Let q be z(6). Calculate the remainder when v(q) is divided by 4.
2
Suppose 2*d + 30 = 104. What is the remainder when d is divided by 20?
17
Let j(i) = 4*i**3 + 2*i**2 + 6. Let y(v) = 4*v**3 + v**2 + 5. Let n(x) = -3*j(x) + 4*y(x). Calculate the remainder when n(2) is divided by 9.
8
Let a be (-24)/9*(-3)/(-2). Let z(m) = -m**3 + 2*m**2 - 7*m - 5. Let l be z(a). Let b = l - 68. What is the remainder when b is divided by 26?
25
Suppose 0 = -3*c + 5*y + 53, 2*y + 3*y = 25. Let s(z) = z**2 + 3*z - 1. Let a be 1/2 + 22/(-4). Calculate the remainder when c is divided by s(a).
8
Let f be 6/14 + (-246)/(-14). Suppose -v + f = -58. What is the remainder when v is divided by 26?
24
Let d = 38 - -9. Calculate the remainder when d is divided by 12.
11
Suppose -7*z + 276 = 5*z. What is the remainder when 158 is divided by z?
20
Suppose 3*q = -3*s + 81, 3*q = 2*s + 2*s - 122. Calculate the remainder when s is divided by 8.
5
Let l = 468 - 452. Calculate the remainder when (-2)/(-9) - (-500)/18 is divided by l.
12
Suppose 5*n - n - 480 = -4*a, 10 = 5*a. What is the remainder when n is divided by 20?
18
Let i = 110 + -45. What is the remainder when i is divided by 14?
9
Suppose -5*f = 4*z - 5*z - 175, f - z = 35. Calculate the remainder when f is divided by 43/5 + (-2)/(-5).
8
Suppose -5*g = -2*w - 0*w - 33, 2*w + 8 = 0. Suppose c = -g + 17. Let t(x) = x**2 + 47. Calculate the remainder when t(0) is divided by c.
11
Suppose 4*o = 13*o - 54. Calculate the remainder when o is divided by 3.
0
Let b(v) = -v**2 - 11*v + 12. Let d be b(-9). Let x = 43 - d. What is the remainder when 23 is divided by x?
10
Let n(v) = -v**3 - 8*v**2 - v - 4. Let j be n(-8). Suppose -l + 2*l + 5*a - 15 = 0, 4*a = -j*l + 60. What is the remainder when 57 is divided by l?
12
Suppose 2*d = -d + 42. Let u(z) = z + 9. Let p be u(-12). Calculate the remainder when d is divided by (-2)/2 - p*3.
6
Suppose v + 4 = 2*z + z, -4*z = -2*v. Suppose -v*d + 4*d + 56 = 0. Calculate the remainder